pose 0 = -z - 3*z + 16. Suppose 8 = z*o - 4. Suppose -24 = -o*a - a. What is the units digit of a?
6
Let g = 2312 - 800. What is the units digit of g?
2
Suppose -h = -3*h - 5*z + 31, z = -4*h + 17. Suppose -h*t = -4*v + 262, 10 = 4*t + t. What is the units digit of v?
7
Let k = 13 + -6. Suppose 29 - 9 = 4*w - 2*y, 4*y = -8. Suppose k = w*d - 41. What is the tens digit of d?
1
Let h be (2/6)/(1/6). Suppose -h*t - u = 91, -4*u - 73 = -3*t - 215. Let i = -9 - t. What is the units digit of i?
7
Suppose -o - 5381 = -23*l + 18*l, -2162 = -2*l - 2*o. What is the tens digit of l?
7
What is the hundreds digit of (-30168)/(-48) - (-3)/(-2)?
6
Suppose 10*z - 15*z = 0. Let c = 19 + z. What is the units digit of c?
9
Suppose -51380 = 4*p - 39*p. What is the units digit of p?
8
Let l(d) = 35*d**2 + 2*d - 1. Let t be (-1)/((-2)/18*3). Let u = -2 + t. What is the units digit of l(u)?
6
Suppose -2*v - 1034 = 2*t, -390 = 4*v + 5*t + 1673. What is the units digit of (v/(-15))/((-6)/(-15))?
7
Suppose -778 = -f + 3*n, -3*f - 76 = n - 2440. What is the hundreds digit of f?
7
Let c(k) = -279*k + 160. What is the hundreds digit of c(-4)?
2
Let x = 252 + -170. Suppose 0 = 3*c - u - 282, -4*u - x = -c + 1. What is the units digit of c?
5
Suppose 3*g + 23 = 5*a, 0 = -2*a + 5*a + 2*g - 10. What is the tens digit of -2 + (-29 + a)/(-1)?
2
Suppose 4*j - 17 = 3. Suppose -j*w = -0*w. Suppose w = 2*m - 36 + 30. What is the units digit of m?
3
Let c be (24/20)/((-6)/(-1220)). Suppose -4*j + 2*s + 4 = -c, 4*s = -5*j + 336. What is the tens digit of j?
6
Let m(g) = g**2 - 3*g - 1. Let y be m(6). Suppose 3*f - y = h, f = 6*h - 2*h + 24. Suppose o + 2 - f = 0. What is the units digit of o?
2
Let s(b) = 50*b - 9. What is the hundreds digit of s(16)?
7
Let y(q) = -1. Let w(m) = -24*m - 6. Let j(i) = 2*w(i) - 2*y(i). What is the tens digit of j(-2)?
8
Suppose 5*r - 2*t = -748, -4*r + t + 46 = 645. Suppose -34*x = -7*x + 27. What is the tens digit of x/(-6) + (-7325)/r?
4
Let n = -1518 + 4914. What is the thousands digit of n?
3
Let d = -72 - -77. Suppose -a = -d*w + 8 - 81, -4*a = 5*w - 292. What is the tens digit of a?
7
Let f be ((-356)/6)/((-6)/9). What is the tens digit of 3/(3/f) - 4?
8
Let v = 115 - 109. Let f(q) = 5*q**2 - 12*q + 10. What is the hundreds digit of f(v)?
1
Let o(s) = 3 + 3 - 4 + 7*s**3 + s**2 - 3. Let k be o(-1). Let n = 26 - k. What is the units digit of n?
3
Let i(o) = 2*o**2 - o. Let b(s) = -2*s**3 - 4*s**2 - 3*s. Let p be b(-2). What is the tens digit of i(p)?
6
Let o(p) = -53*p + 86. What is the units digit of o(-10)?
6
Let d = -175 + 767. What is the tens digit of d?
9
Let l = 110 + -107. Let g(x) = 21*x**2 + 7*x - 4. What is the hundreds digit of g(l)?
2
Suppose -309 = -c + 3*z, 131*c - z = 133*c - 611. What is the hundreds digit of c?
3
Let n = -1410 + 3790. What is the tens digit of n?
8
Suppose 10*h + 110845 = 5*h. Let b be h/(-21) + (-2)/(-6). What is the tens digit of b/30 - (-3)/(-15)?
3
Suppose 5*l - 1 = 9. Suppose -t + l*t + 3*u = 142, 3*u = -2*t + 287. Suppose 7 = -3*d + t. What is the units digit of d?
6
Suppose 0 = -5*c + c - 4. Let t(w) = 36*w**3 + 2*w**2 - 1. Let i be t(c). Let n = i + 59. What is the tens digit of n?
2
Suppose f - r = 20, 5*f - 151 = -5*r - 41. Suppose 14 = 5*z - f. Suppose 0 = -4*i + 4, -5*g + z*i = 2*i - 245. What is the tens digit of g?
5
Suppose -t = -2*n + 8, -4*n - 1 = -t - 9. Let f = -8 - t. Suppose f = j - 7 - 15. What is the units digit of j?
2
Suppose -4*k = -320 - 72. Let j = k + -48. Suppose -n + j = n. What is the tens digit of n?
2
Suppose 5*f - d = -0*f + 5819, -2*f = -4*d - 2324. What is the tens digit of f?
6
Let f(h) = -4*h**3 - 8*h**2 - 24*h - 96. What is the units digit of f(-6)?
4
Suppose 0 = -225*q + 234*q - 16749. What is the units digit of q?
1
Let y = -263 - -238. Suppose -2*w + 5*w = -4*z - 74, -2*z + 3*w - 46 = 0. Let d = z - y. What is the units digit of d?
5
Suppose 3*m + 17 = 32. Suppose m*b - 62 = 3*b. What is the units digit of b?
1
Let d = -9 + -5. Let o = 9 + d. Let z = o + 22. What is the units digit of z?
7
Suppose 5*r + 3168 = 23*r. What is the hundreds digit of r?
1
Let u(g) = 3 + 2 + 4*g + 24*g. Let h be ((-30)/135)/(2/(-18)). What is the units digit of u(h)?
1
What is the units digit of (-5)/((-25)/(-70))*(-26)/4?
1
What is the units digit of ((-588)/(-30))/((-2)/(-5))?
9
Let j(z) be the first derivative of -37*z**2/2 + 10*z - 13. What is the tens digit of j(-5)?
9
Suppose 3*m - 64*o + 67*o - 8211 = 0, -m = -2*o - 2737. What is the thousands digit of m?
2
Let g(d) = -12*d - 1. Suppose -1 - 5 = -2*h. Suppose -h*w = 4*c + 14, 2*c + 8 = -c - w. What is the tens digit of g(c)?
2
Let z = 2 - 16. Let d = -5 - z. Suppose 12*q - d*q = 111. What is the units digit of q?
7
What is the tens digit of (-662124)/(-759)*(-11)/(-2)?
9
Let t(k) = k**2 + 19*k - 15. Let c be t(-20). Suppose 8*n = -c*n + 1378. What is the tens digit of n?
0
What is the units digit of ((-7304)/(-110))/((-4)/(-50))?
0
Suppose 3*d = -4*w + 12690, 566*d - 564*d - 12692 = -4*w. What is the thousands digit of w?
3
Let n be -5*(2 + 72/15). Let o = n - -126. What is the tens digit of o?
9
Let g(t) = -37*t + 283. What is the units digit of g(-27)?
2
Suppose 11*c - 16517 = -5*o + 10*c, -c = 4*o - 13214. What is the tens digit of o?
0
Let g(h) be the first derivative of h**3/3 - 3*h**2 + 14*h - 4. Let y be g(7). Let r = 65 - y. What is the units digit of r?
4
Suppose 6*h - 181 = 5*h. Suppose 5*p = -5*t + 175, -8*t + h = -3*t + 2*p. What is the tens digit of t?
3
Let a be 15/30 + (-6)/(-4). Suppose -a*m = -5*m. Suppose 3*k + 0*b + 2*b = 51, -3*k + 3*b + 36 = m. What is the units digit of k?
5
What is the units digit of 261/5 - 5/((-75)/12)?
3
Let k = 886 - -511. What is the thousands digit of k?
1
Let z(i) = 16*i**2 + 22*i + 103. What is the tens digit of z(10)?
2
Let n(m) = -51*m - 24. Let c be n(3). Let d = c + 253. What is the tens digit of d?
7
Suppose m - 345 = -4*b + 2874, 1615 = 2*b - 5*m. What is the units digit of b?
5
Let x(a) = 401*a**2 - 27*a + 59. What is the tens digit of x(2)?
0
Suppose 5*a - 155 = -2*c, 93 = 3*a - 5*c + c. Let f = -15 - -6. Let d = a + f. What is the tens digit of d?
2
Let q(c) = c**2 - 12*c + 4. Let s be q(12). Let p = 48 - s. Suppose -4*t + p = -84. What is the units digit of t?
2
Let q(d) be the first derivative of -2/3*d**3 - 2*d - 1/2*d**2 - 5/4*d**4 - 1. What is the tens digit of q(-2)?
3
Suppose 0*j - 868 = 7*j. Let w = -50 - j. Suppose 0 = 4*n - 5*n + w. What is the tens digit of n?
7
What is the tens digit of (5/(-15))/((-1)/1707)?
6
Let v(h) = -4*h + 1. Let t(m) = -3*m + 3. Let d be t(-4). Suppose -5*a - 40 = -d. What is the tens digit of v(a)?
2
Let j(d) = 18*d. Let s be -4 - -2*(-19)/(-2). Let o = 18 - s. What is the tens digit of j(o)?
5
Let w be (18 - 3) + (1 - 4). Suppose 2*s + 12 = 2*r + 5*s, 0 = -2*r + 3*s + w. Suppose 0 = 2*d - r + 2. What is the units digit of d?
2
Suppose -15*j = -5617 - 5303. What is the hundreds digit of j?
7
Let y = -1083 + 2308. What is the hundreds digit of y?
2
What is the units digit of (5/2 - 0)*14266/35?
9
Suppose 370 = 10*o + 50. What is the units digit of o?
2
Let k = 797 - 32. Suppose 0 = 5*o - 2*s + 91 - k, 0 = -5*o - s + 668. What is the units digit of o?
4
Let c be ((-10)/(-30))/(2/174). Suppose 5*i - c = -2*k + 101, -5*k + 2*i = -267. Suppose -2*v + x + k = 4*x, 3*v = -5*x + 84. What is the tens digit of v?
2
Let b(i) = -3*i + 8. Suppose -3*u + 5 = -4*u. Let f be b(u). Suppose o = -6 + f. What is the tens digit of o?
1
Let x(t) = 6*t + 1. Let g be x(-4). Let u be (1 + -18)/(3/9). Let w = g - u. What is the units digit of w?
8
Let m(c) = -9*c + 29. Let k be m(-6). What is the units digit of (2 + 0 - 1)*k?
3
Suppose -2*b - 6*b = -4240. What is the units digit of b?
0
Suppose 9*v - 734 = 8*v - 2*f, 2*v - 5*f - 1504 = 0. What is the units digit of v?
2
Suppose 0 = -19*k + 109380 - 24089. What is the hundreds digit of k?
4
Let i = -299 + 759. What is the hundreds digit of i?
4
Let t(q) = -q**3 + 7*q**2 + 4*q - 6. Let x be t(6). Let u = x + 6. Let s = -39 + u. What is the units digit of s?
1
Let p = 38 + -23. Let k = p - 7. What is the tens digit of 4/6*156/k?
1
Let x = -833 - -1496. What is the tens digit of x?
6
Suppose -261 = 8*y - 765. What is th